{"id":162,"date":"2014-12-02T12:56:42","date_gmt":"2014-12-02T20:56:42","guid":{"rendered":"http:\/\/juventud.radioramamexicali.com\/?page_id=162"},"modified":"2015-02-16T14:31:57","modified_gmt":"2015-02-16T20:31:57","slug":"programacion-2","status":"publish","type":"page","link":"https:\/\/www.elarboldelaesperanza.com.mx\/arbol\/?page_id=162","title":{"rendered":"Historia"},"content":{"rendered":"<h2 class=\"itemTitle\">Fundaci\u00f3n el \u00c1rbol de la Esperanza.<\/h2>\n<p style=\"text-align: left;\">La Fundaci\u00f3n La Luz el \u00c1rbol de la Esperanza naci\u00f3 en 1999 con la \u00fanica finalidad de recaudar juguetes, v\u00edveres y cobijas con la aportaci\u00f3n generosa de muchas personas que forman parte del gran auditorio de las estaciones de grupo Radiorama Morelos y el Corporativo Radiorama a nivel nacional.<\/p>\n<p style=\"text-align: left;\">Algunas de las acciones que ha emprendido\u00a0 La Fundaci\u00f3n la Luz el \u00c1rbol de La Esperanza ha sido el llevar a nuestros hermanos de Yucat\u00e1n, afectados por el hurac\u00e1n Isidore, 100 toneladas de ayuda; en enero del 2001 la Fundaci\u00f3n acudi\u00f3 a la Sierra Tarahumara, para llevar v\u00edveres, cobijas y ropa de abrigo a m\u00e1s de 20,000 personas.<\/p>\n<p style=\"text-align: left;\">En &#8220;El \u00c1rbol de la Esperanza&#8221; actualmente participan los estaciones de radio de Grupo Radiorama en las principales ciudades de nuestro pa\u00eds, tales como: Cuernavaca, Distrito Federal, Guadalajara, Le\u00f3n, Mexicali, Poza Rica, Nuevo Laredo, Torre\u00f3n, Piedras Negras, Tehuac\u00e1n, entre muchas otras.<\/p>\n<p style=\"text-align: left;\">En el 2005 El Grupo Radiorama a nivel nacional y La Fundaci\u00f3n La Luz El \u00c1rbol de la Esperanza, cumplieron con la entrega de m\u00e1s de 500 toneladas de ayuda para nuestros hermanos del Estado de Chiapas. Y a finales del mes de octubre del 2007, la El \u00c1rbol de la Esperanza, organiz\u00f3 su 8\u00aa Caravana, Ahora por Tabasco, para entregar m\u00e1s de 900 toneladas de ayuda a las familias afectadas severamente por las intensas lluvias y el desbordamiento de r\u00edos<\/p>\n<p style=\"text-align: left;\">Por estos motivos, La Fundaci\u00f3n recibi\u00f3 en el 2006\u00a0 y el 2008 el Premio Antena por su labor altruista a favor de las familias afectadas&#8211; m\u00e1ximo reconocimiento que otorga la CIRT, C\u00e1mara Nacional de la Industria de la Radio y la Televisi\u00f3n.<\/p>\n<p style=\"text-align: left;\">En enero del 2010, de nueva cuenta la Fundaci\u00f3n la Luz del \u00c1rbol de la Esperanza y el Grupo Radiorama M\u00e9xico entregaron cobijas, despensas, zapatos, juguetes y ropa de abrigo a las familias m\u00e1s necesitadas en el estado de Hidalgo Y en febrero del 2011 se cumpli\u00f3 con la entrega de apoyos en la Sierra de Zongolica. Y ahora en el 2013, vamos con ayuda a los damnificados de Guerrero.<\/p>\n<p style=\"text-align: left;\">Es as\u00ed, como la Fundaci\u00f3n El \u00c1rbol de la Esperanza cumple 15 a\u00f1os de existencia: llevando una esperanza a quien m\u00e1s lo necesita.<\/p>\n<p style=\"text-align: left;\">Y sigue trabajando a\u00f1o con a\u00f1o para poder Sembrar miles de Sonrisas en los ni\u00f1os y las familias m\u00e1s necesitadas de nuestro pa\u00eds.<\/p>\n<p><img decoding=\"async\" class=\" aligncenter\" src=\"http:\/\/radioramanuestrasnoticias.mx\/2015\/radiorama\/images\/fotos2014\/unnamed.jpg\" alt=\"\" border=\"0\" \/><\/p>\n","protected":false},"excerpt":{"rendered":"<p>Fundaci\u00f3n el \u00c1rbol de la Esperanza. La Fundaci\u00f3n La Luz el \u00c1rbol de la Esperanza naci\u00f3 en 1999 con la \u00fanica finalidad de recaudar juguetes, v\u00edveres y cobijas con la aportaci\u00f3n generosa de muchas personas que forman parte del gran auditorio de las estaciones de grupo Radiorama Morelos y el Corporativo Radiorama a nivel nacional. &hellip; <a href=\"https:\/\/www.elarboldelaesperanza.com.mx\/arbol\/?page_id=162\" class=\"more-link\">Contin\u00faa leyendo <span class=\"screen-reader-text\">Historia<\/span><\/a><\/p>\n","protected":false},"author":6,"featured_media":0,"parent":0,"menu_order":0,"comment_status":"open","ping_status":"open","template":"event-style2.php","meta":{"footnotes":""},"class_list":["post-162","page","type-page","status-publish","hentry"],"_links":{"self":[{"href":"https:\/\/www.elarboldelaesperanza.com.mx\/arbol\/index.php?rest_route=\/wp\/v2\/pages\/162","targetHints":{"allow":["GET"]}}],"collection":[{"href":"https:\/\/www.elarboldelaesperanza.com.mx\/arbol\/index.php?rest_route=\/wp\/v2\/pages"}],"about":[{"href":"https:\/\/www.elarboldelaesperanza.com.mx\/arbol\/index.php?rest_route=\/wp\/v2\/types\/page"}],"author":[{"embeddable":true,"href":"https:\/\/www.elarboldelaesperanza.com.mx\/arbol\/index.php?rest_route=\/wp\/v2\/users\/6"}],"replies":[{"embeddable":true,"href":"https:\/\/www.elarboldelaesperanza.com.mx\/arbol\/index.php?rest_route=%2Fwp%2Fv2%2Fcomments&post=162"}],"version-history":[{"count":3,"href":"https:\/\/www.elarboldelaesperanza.com.mx\/arbol\/index.php?rest_route=\/wp\/v2\/pages\/162\/revisions"}],"predecessor-version":[{"id":515,"href":"https:\/\/www.elarboldelaesperanza.com.mx\/arbol\/index.php?rest_route=\/wp\/v2\/pages\/162\/revisions\/515"}],"wp:attachment":[{"href":"https:\/\/www.elarboldelaesperanza.com.mx\/arbol\/index.php?rest_route=%2Fwp%2Fv2%2Fmedia&parent=162"}],"curies":[{"name":"wp","href":"https:\/\/api.w.org\/{rel}","templated":true}]}}